[INFO] cloning repository https://github.com/udtrokia/ethereum-key
[INFO] running `Command { std: "git" "-c" "credential.helper=" "-c" "credential.helper=/workspace/cargo-home/bin/git-credential-null" "clone" "--bare" "https://github.com/udtrokia/ethereum-key" "/workspace/cache/git-repos/https%3A%2F%2Fgithub.com%2Fudtrokia%2Fethereum-key", kill_on_drop: false }`
[INFO] [stderr] Cloning into bare repository '/workspace/cache/git-repos/https%3A%2F%2Fgithub.com%2Fudtrokia%2Fethereum-key'...
[INFO] running `Command { std: "git" "rev-parse" "HEAD", kill_on_drop: false }`
[INFO] [stdout] 8ab285280aef5e5aef300c430b55640c497cab46
[INFO] checking udtrokia/ethereum-key against master#af3c6e733a40e671550e0f0f5aeecaa13772ba56 for pr-74989
[INFO] running `Command { std: "git" "clone" "/workspace/cache/git-repos/https%3A%2F%2Fgithub.com%2Fudtrokia%2Fethereum-key" "/workspace/builds/worker-5/source", kill_on_drop: false }`
[INFO] [stderr] Cloning into '/workspace/builds/worker-5/source'...
[INFO] [stderr] done.
[INFO] [stderr] Checking out files:  50% (6618/13065)   
Checking out files:  51% (6664/13065)   
Checking out files:  52% (6794/13065)   
Checking out files:  53% (6925/13065)   
Checking out files:  54% (7056/13065)   
Checking out files:  55% (7186/13065)   
Checking out files:  56% (7317/13065)   
Checking out files:  57% (7448/13065)   
Checking out files:  58% (7578/13065)   
Checking out files:  59% (7709/13065)   
Checking out files:  60% (7839/13065)   
Checking out files:  61% (7970/13065)   
Checking out files:  62% (8101/13065)   
Checking out files:  63% (8231/13065)   
Checking out files:  64% (8362/13065)   
Checking out files:  65% (8493/13065)   
Checking out files:  66% (8623/13065)   
Checking out files:  67% (8754/13065)   
Checking out files:  68% (8885/13065)   
Checking out files:  69% (9015/13065)   
Checking out files:  70% (9146/13065)   
Checking out files:  71% (9277/13065)   
Checking out files:  72% (9407/13065)   
Checking out files:  73% (9538/13065)   
Checking out files:  74% (9669/13065)   
Checking out files:  75% (9799/13065)   
Checking out files:  76% (9930/13065)   
Checking out files:  77% (10061/13065)   
Checking out files:  78% (10191/13065)   
Checking out files:  79% (10322/13065)   
Checking out files:  80% (10452/13065)   
Checking out files:  81% (10583/13065)   
Checking out files:  82% (10714/13065)   
Checking out files:  83% (10844/13065)   
Checking out files:  84% (10975/13065)   
Checking out files:  85% (11106/13065)   
Checking out files:  86% (11236/13065)   
Checking out files:  87% (11367/13065)   
Checking out files:  88% (11498/13065)   
Checking out files:  89% (11628/13065)   
Checking out files:  90% (11759/13065)   
Checking out files:  91% (11890/13065)   
Checking out files:  92% (12020/13065)   
Checking out files:  93% (12151/13065)   
Checking out files:  94% (12282/13065)   
Checking out files:  95% (12412/13065)   
Checking out files:  96% (12543/13065)   
Checking out files:  97% (12674/13065)   
Checking out files:  98% (12804/13065)   
Checking out files:  99% (12935/13065)   
Checking out files: 100% (13065/13065)   
Checking out files: 100% (13065/13065), done.
[INFO] validating manifest of git repo https://github.com/udtrokia/ethereum-key on toolchain af3c6e733a40e671550e0f0f5aeecaa13772ba56
[INFO] running `Command { std: "/workspace/cargo-home/bin/cargo" "+af3c6e733a40e671550e0f0f5aeecaa13772ba56" "read-manifest" "--manifest-path" "Cargo.toml", kill_on_drop: false }`
[INFO] started tweaking git repo https://github.com/udtrokia/ethereum-key
[INFO] removed path dependency ethkey from git repo https://github.com/udtrokia/ethereum-key
[INFO] finished tweaking git repo https://github.com/udtrokia/ethereum-key
[INFO] tweaked toml for git repo https://github.com/udtrokia/ethereum-key written to /workspace/builds/worker-5/source/Cargo.toml
[INFO] crate git repo https://github.com/udtrokia/ethereum-key already has a lockfile, it will not be regenerated
[INFO] running `Command { std: "/workspace/cargo-home/bin/cargo" "+af3c6e733a40e671550e0f0f5aeecaa13772ba56" "fetch" "--locked" "--manifest-path" "Cargo.toml", kill_on_drop: false }`
[INFO] [stderr]     Updating crates.io index
[INFO] [stderr] error: the lock file /workspace/builds/worker-5/source/Cargo.lock needs to be updated but --locked was passed to prevent this
[INFO] [stderr] If you want to try to generate the lock file without accessing the network, use the --offline flag.
[INFO] the lockfile is outdated, regenerating it
[INFO] running `Command { std: "/workspace/cargo-home/bin/cargo" "+af3c6e733a40e671550e0f0f5aeecaa13772ba56" "generate-lockfile" "--manifest-path" "Cargo.toml" "-Zno-index-update", kill_on_drop: false }`
[INFO] running `Command { std: "/workspace/cargo-home/bin/cargo" "+af3c6e733a40e671550e0f0f5aeecaa13772ba56" "fetch" "--locked" "--manifest-path" "Cargo.toml", kill_on_drop: false }`
[INFO] [stderr]     Blocking waiting for file lock on package cache
[INFO] running `Command { std: "docker" "create" "-v" "/var/lib/crater-agent-workspace/builds/worker-5/target:/opt/rustwide/target:rw,Z" "-v" "/var/lib/crater-agent-workspace/builds/worker-5/source:/opt/rustwide/workdir:ro,Z" "-v" "/var/lib/crater-agent-workspace/cargo-home:/opt/rustwide/cargo-home:ro,Z" "-v" "/var/lib/crater-agent-workspace/rustup-home:/opt/rustwide/rustup-home:ro,Z" "-e" "SOURCE_DIR=/opt/rustwide/workdir" "-e" "CARGO_TARGET_DIR=/opt/rustwide/target" "-e" "CARGO_HOME=/opt/rustwide/cargo-home" "-e" "RUSTUP_HOME=/opt/rustwide/rustup-home" "-w" "/opt/rustwide/workdir" "-m" "1610612736" "--user" "0:0" "--network" "none" "rustops/crates-build-env@sha256:d92eaeed33fa75130ca1ee6c8a01d1ffb62bac859dfdfb3450e3e5d1c0146529" "/opt/rustwide/cargo-home/bin/cargo" "+af3c6e733a40e671550e0f0f5aeecaa13772ba56" "metadata" "--no-deps" "--format-version=1", kill_on_drop: false }`
[INFO] [stdout] 3c04db244e1326ef3e1099b3059edadc49344f9909a1655dde40e651ffd03d11
[INFO] [stderr] WARNING: Your kernel does not support swap limit capabilities or the cgroup is not mounted. Memory limited without swap.
[INFO] running `Command { std: "docker" "start" "-a" "3c04db244e1326ef3e1099b3059edadc49344f9909a1655dde40e651ffd03d11", kill_on_drop: false }`
[INFO] running `Command { std: "docker" "inspect" "3c04db244e1326ef3e1099b3059edadc49344f9909a1655dde40e651ffd03d11", kill_on_drop: false }`
[INFO] running `Command { std: "docker" "rm" "-f" "3c04db244e1326ef3e1099b3059edadc49344f9909a1655dde40e651ffd03d11", kill_on_drop: false }`
[INFO] [stdout] 3c04db244e1326ef3e1099b3059edadc49344f9909a1655dde40e651ffd03d11
[INFO] running `Command { std: "docker" "create" "-v" "/var/lib/crater-agent-workspace/builds/worker-5/target:/opt/rustwide/target:rw,Z" "-v" "/var/lib/crater-agent-workspace/builds/worker-5/source:/opt/rustwide/workdir:ro,Z" "-v" "/var/lib/crater-agent-workspace/cargo-home:/opt/rustwide/cargo-home:ro,Z" "-v" "/var/lib/crater-agent-workspace/rustup-home:/opt/rustwide/rustup-home:ro,Z" "-e" "SOURCE_DIR=/opt/rustwide/workdir" "-e" "CARGO_TARGET_DIR=/opt/rustwide/target" "-e" "CARGO_INCREMENTAL=0" "-e" "RUST_BACKTRACE=full" "-e" "RUSTFLAGS=--cap-lints=forbid" "-e" "CARGO_HOME=/opt/rustwide/cargo-home" "-e" "RUSTUP_HOME=/opt/rustwide/rustup-home" "-w" "/opt/rustwide/workdir" "-m" "1610612736" "--user" "0:0" "--network" "none" "rustops/crates-build-env@sha256:d92eaeed33fa75130ca1ee6c8a01d1ffb62bac859dfdfb3450e3e5d1c0146529" "/opt/rustwide/cargo-home/bin/cargo" "+af3c6e733a40e671550e0f0f5aeecaa13772ba56" "check" "--frozen" "--all" "--all-targets" "--message-format=json", kill_on_drop: false }`
[INFO] [stdout] 8bd379c9e58b76b72fce604e130570e87e9945f8c8f1dc4397d1b9a18c8401d4
[INFO] [stderr] WARNING: Your kernel does not support swap limit capabilities or the cgroup is not mounted. Memory limited without swap.
[INFO] running `Command { std: "docker" "start" "-a" "8bd379c9e58b76b72fce604e130570e87e9945f8c8f1dc4397d1b9a18c8401d4", kill_on_drop: false }`
[INFO] [stderr]    Compiling typenum v1.12.0
[INFO] [stderr]    Compiling libc v0.2.77
[INFO] [stderr]    Compiling byteorder v1.3.4
[INFO] [stderr]    Compiling proc-macro2 v1.0.21
[INFO] [stderr]    Compiling unicode-xid v0.2.1
[INFO] [stderr]     Checking byte-tools v0.3.1
[INFO] [stderr]     Checking opaque-debug v0.2.3
[INFO] [stderr]     Checking cfg-if v0.1.10
[INFO] [stderr]     Checking fake-simd v0.1.2
[INFO] [stderr]    Compiling serde_derive v1.0.116
[INFO] [stderr]    Compiling cc v1.0.41
[INFO] [stderr]    Compiling getrandom v0.1.15
[INFO] [stderr]    Compiling serde v1.0.116
[INFO] [stderr]    Compiling semver-parser v0.7.0
[INFO] [stderr]    Compiling syn v0.15.44
[INFO] [stderr]    Compiling memchr v2.3.3
[INFO] [stderr]     Checking lazy_static v1.4.0
[INFO] [stderr]     Checking constant_time_eq v0.1.5
[INFO] [stderr]     Checking rustc-hex v2.1.0
[INFO] [stderr]    Compiling heapsize v0.4.2
[INFO] [stderr]     Checking arrayref v0.3.6
[INFO] [stderr]     Checking byte-tools v0.2.0
[INFO] [stderr]     Checking ppv-lite86 v0.2.9
[INFO] [stderr]    Compiling log v0.4.11
[INFO] [stderr]     Checking quick-error v1.2.3
[INFO] [stderr]    Compiling crunchy v0.1.6
[INFO] [stderr]    Compiling ryu v1.0.5
[INFO] [stderr]     Checking regex-syntax v0.6.18
[INFO] [stderr]     Checking untrusted v0.6.2
[INFO] [stderr]     Checking subtle v2.3.0
[INFO] [stderr]     Checking spin v0.5.2
[INFO] [stderr]    Compiling serde_json v1.0.57
[INFO] [stderr]     Checking rustc-hex v1.0.0
[INFO] [stderr]     Checking zeroize v1.1.0
[INFO] [stderr]     Checking termcolor v1.1.0
[INFO] [stderr]     Checking rand_core v0.3.1
[INFO] [stderr]     Checking block-padding v0.1.5
[INFO] [stderr]     Checking thread_local v1.0.1
[INFO] [stderr]     Checking block-buffer v0.3.3
[INFO] [stderr]    Compiling semver v0.9.0
[INFO] [stderr]     Checking humantime v1.3.0
[INFO] [stderr]     Checking rand_xorshift v0.1.1
[INFO] [stderr]     Checking rand_hc v0.1.0
[INFO] [stderr]     Checking rand_isaac v0.1.1
[INFO] [stderr]     Checking rand_chacha v0.1.1
[INFO] [stderr]    Compiling rustc_version v0.2.3
[INFO] [stderr]     Checking aho-corasick v0.7.13
[INFO] [stderr]    Compiling ring v0.14.6
[INFO] [stderr]    Compiling secp256k1 v0.15.5
[INFO] [stderr]     Checking base64 v0.9.3
[INFO] [stderr]    Compiling uint v0.2.1
[INFO] [stderr]    Compiling ethereum-types v0.3.2
[INFO] [stderr]    Compiling quote v1.0.7
[INFO] [stderr]    Compiling syn v1.0.41
[INFO] [stderr]     Checking rand v0.5.6
[INFO] [stderr]     Checking rand_os v0.1.3
[INFO] [stderr]     Checking rand v0.4.6
[INFO] [stderr]     Checking atty v0.2.14
[INFO] [stderr]     Checking rand_core v0.5.1
[INFO] [stderr]     Checking rand v0.6.5
[INFO] [stderr]     Checking generic-array v0.12.3
[INFO] [stderr]     Checking generic-array v0.9.0
[INFO] [stderr]     Checking rand_chacha v0.2.2
[INFO] [stderr]     Checking crypto-mac v0.6.2
[INFO] [stderr]     Checking digest v0.7.6
[INFO] [stderr]     Checking rand v0.7.3
[INFO] [stderr]     Checking digest v0.8.1
[INFO] [stderr]     Checking block-cipher-trait v0.6.2
[INFO] [stderr]     Checking block-buffer v0.7.3
[INFO] [stderr]     Checking stream-cipher v0.3.2
[INFO] [stderr]     Checking crypto-mac v0.7.0
[INFO] [stderr]     Checking pbkdf2 v0.2.3
[INFO] [stderr]     Checking sha2 v0.7.1
[INFO] [stderr]     Checking hmac v0.6.3
[INFO] [stderr]     Checking aes-soft v0.3.3
[INFO] [stderr]     Checking ctr v0.3.2
[INFO] [stderr]     Checking block-modes v0.3.3
[INFO] [stderr]     Checking fixed-hash v0.2.5
[INFO] [stderr]     Checking hmac v0.7.1
[INFO] [stderr]     Checking sha2 v0.8.2
[INFO] [stderr]     Checking ripemd160 v0.8.0
[INFO] [stderr]     Checking scrypt v0.1.2
[INFO] [stderr]     Checking regex v1.3.9
[INFO] [stderr]     Checking aes v0.3.2
[INFO] [stderr]     Checking aes-ctr v0.3.0
[INFO] [stderr]     Checking pbkdf2 v0.3.0
[INFO] [stderr]     Checking scrypt v0.2.0
[INFO] [stderr]     Checking uuid v0.7.4
[INFO] [stderr]     Checking env_logger v0.5.13
[INFO] [stderr]     Checking parity-crypto v0.3.1
[INFO] [stderr]    Compiling synstructure v0.10.2
[INFO] [stderr]    Compiling zeroize_derive v0.9.3
[INFO] [stderr]    Compiling thiserror-impl v1.0.20
[INFO] [stderr]     Checking zeroize v0.9.3
[INFO] [stderr]     Checking parity-crypto v0.4.2
[INFO] [stderr]     Checking thiserror v1.0.20
[INFO] [stderr]     Checking ethereum-types-serialize v0.2.2
[INFO] [stderr]     Checking ethsign v0.7.3
[INFO] [stderr]     Checking ethbloom v0.5.3
[INFO] [stderr]     Checking ethkey v0.3.1
[INFO] [stderr]     Checking ethereum-key v0.1.0 (/opt/rustwide/workdir)
[INFO] [stdout] error[E0432]: unresolved imports `ethkey::Brain`, `ethkey::BrainPrefix`, `ethkey::Generator`, `ethkey::Secret`, `ethkey::Public`
[INFO] [stdout]  --> src/band.rs:1:14
[INFO] [stdout]   |
[INFO] [stdout] 1 | use ethkey::{Brain, BrainPrefix, Generator, Secret, Public, Address};
[INFO] [stdout]   |              ^^^^^  ^^^^^^^^^^^  ^^^^^^^^^  ^^^^^^  ^^^^^^ no `Public` in the root
[INFO] [stdout]   |              |      |            |          |
[INFO] [stdout]   |              |      |            |          no `Secret` in the root
[INFO] [stdout]   |              |      |            no `Generator` in the root
[INFO] [stdout]   |              |      no `BrainPrefix` in the root
[INFO] [stdout]   |              no `Brain` in the root
[INFO] [stdout] 
[INFO] [stdout] 
[INFO] [stdout] error[E0432]: unresolved imports `ethkey::Brain`, `ethkey::BrainPrefix`, `ethkey::Generator`, `ethkey::Secret`, `ethkey::Public`
[INFO] [stdout]  --> src/band.rs:1:14
[INFO] [stdout]   |
[INFO] [stdout] 1 | use ethkey::{Brain, BrainPrefix, Generator, Secret, Public, Address};
[INFO] [stdout]   |              ^^^^^  ^^^^^^^^^^^  ^^^^^^^^^  ^^^^^^  ^^^^^^ no `Public` in the root
[INFO] [stdout]   |              |      |            |          |
[INFO] [stdout]   |              |      |            |          no `Secret` in the root
[INFO] [stdout]   |              |      |            no `Generator` in the root
[INFO] [stdout]   |              |      no `BrainPrefix` in the root
[INFO] [stdout]   |              no `Brain` in the root
[INFO] [stdout] 
[INFO] [stdout] 
[INFO] [stdout] error[E0369]: binary operation `==` cannot be applied to type `ethkey::Address`
[INFO] [stdout]   --> src/band.rs:10:5
[INFO] [stdout]    |
[INFO] [stdout] 10 |     pub address: Address,
[INFO] [stdout]    |     ^^^^^^^^^^^^^^^^^^^^
[INFO] [stdout]    |
[INFO] [stdout]    = note: this error originates in a derive macro (in Nightly builds, run with -Z macro-backtrace for more info)
[INFO] [stdout] 
[INFO] [stdout] 
[INFO] [stdout] error[E0369]: binary operation `!=` cannot be applied to type `ethkey::Address`
[INFO] [stdout]   --> src/band.rs:10:5
[INFO] [stdout]    |
[INFO] [stdout] 10 |     pub address: Address,
[INFO] [stdout]    |     ^^^^^^^^^^^^^^^^^^^^
[INFO] [stdout]    |
[INFO] [stdout]    = note: this error originates in a derive macro (in Nightly builds, run with -Z macro-backtrace for more info)
[INFO] [stdout] 
[INFO] [stdout] 
[INFO] [stdout] error: aborting due to 3 previous errors
[INFO] [stdout] 
[INFO] [stdout] 
[INFO] [stdout] Some errors have detailed explanations: E0369, E0432.
[INFO] [stdout] 
[INFO] [stdout] For more information about an error, try `rustc --explain E0369`.
[INFO] [stdout] 
[INFO] [stderr] error: could not compile `ethereum-key`.
[INFO] [stderr] 
[INFO] [stderr] To learn more, run the command again with --verbose.
[INFO] [stderr] warning: build failed, waiting for other jobs to finish...
[INFO] [stdout] error[E0369]: binary operation `==` cannot be applied to type `ethkey::Address`
[INFO] [stdout]   --> src/band.rs:10:5
[INFO] [stdout]    |
[INFO] [stdout] 10 |     pub address: Address,
[INFO] [stdout]    |     ^^^^^^^^^^^^^^^^^^^^
[INFO] [stdout]    |
[INFO] [stdout]    = note: this error originates in a derive macro (in Nightly builds, run with -Z macro-backtrace for more info)
[INFO] [stdout] 
[INFO] [stdout] 
[INFO] [stdout] error[E0369]: binary operation `!=` cannot be applied to type `ethkey::Address`
[INFO] [stdout]   --> src/band.rs:10:5
[INFO] [stdout]    |
[INFO] [stdout] 10 |     pub address: Address,
[INFO] [stdout]    |     ^^^^^^^^^^^^^^^^^^^^
[INFO] [stdout]    |
[INFO] [stdout]    = note: this error originates in a derive macro (in Nightly builds, run with -Z macro-backtrace for more info)
[INFO] [stdout] 
[INFO] [stdout] 
[INFO] [stdout] error: aborting due to 3 previous errors
[INFO] [stdout] 
[INFO] [stdout] 
[INFO] [stdout] Some errors have detailed explanations: E0369, E0432.
[INFO] [stdout] 
[INFO] [stdout] For more information about an error, try `rustc --explain E0369`.
[INFO] [stdout] 
[INFO] [stderr] error: build failed
[INFO] running `Command { std: "docker" "inspect" "8bd379c9e58b76b72fce604e130570e87e9945f8c8f1dc4397d1b9a18c8401d4", kill_on_drop: false }`
[INFO] running `Command { std: "docker" "rm" "-f" "8bd379c9e58b76b72fce604e130570e87e9945f8c8f1dc4397d1b9a18c8401d4", kill_on_drop: false }`
[INFO] [stdout] 8bd379c9e58b76b72fce604e130570e87e9945f8c8f1dc4397d1b9a18c8401d4
